{"id":467,"date":"2025-03-28T11:16:03","date_gmt":"2025-03-28T11:16:03","guid":{"rendered":"https:\/\/www.egyedibutor87.hu\/?page_id=467"},"modified":"2025-03-28T11:16:49","modified_gmt":"2025-03-28T11:16:49","slug":"3d-latvany-tervezesek","status":"publish","type":"page","link":"https:\/\/www.egyedibutor87.hu\/?page_id=467","title":{"rendered":"3D L\u00e1tv\u00e1ny tervez\u00e9sek"},"content":{"rendered":"\n\t<!-- CSS Part Start From Here-->\n\t<style>\n\t\t#animated-thumbnails-469 a {\n\t\t\ttext-decoration: none !important;\n\t\t\tbox-shadow: 0 0px 0 0 currentcolor !important;\n\t\t}\n\n\n\t\t\/* Grayscale Effect *\/\n\t\t\n\t\t\n\t\t#animated-thumbnails-469 img {\n\t\t\twidth: 100% !important;\n\t\t\theight: auto !important;\n\t\t}\n\n\t\t.lg-icon {\n\t\t\tcolor:\n\t\t\t\tgold\t\t\t\t!important;\n\t\t}\n\n\t\t.pg-title {\n\t\t\tcolor:\n\t\t\t\twhite\t\t\t\t!important;\n\t\t}\n\n\t\t\t<\/style>\n\t\t<div id=\"animated-thumbnails-469\"\n\t\tclass=\"row all-images-469\">\n\t\t\t\t\t\t\t\t\t\t\t<a href=\"https:\/\/www.egyedibutor87.hu\/wp-content\/uploads\/2025\/04\/57IDL_Nezet_1.jpg\"\n\t\t\t\t\t\tclass=\"single-image-469 col-lg-2 col-md-3 col-sm-4 col-xs-6\"\n\t\t\t\t\t\tdata-sub-html=\"57IDL_N\u00e9zet_1\">\n\t\t\t\t\t\t<img class=\"thumbnail  \"\n\t\t\t\t\t\t\tsrc=\"https:\/\/www.egyedibutor87.hu\/wp-content\/uploads\/2025\/04\/57IDL_Nezet_1.jpg\" alt=\"57IDL_N\u00e9zet_1\" \/>\n\t\t\t\t\t<\/a>\n\t\t\t\t\n\t\t\t\t\n\t\t\t\t\t\t\t\t\t\t\t\t\t<a href=\"https:\/\/www.egyedibutor87.hu\/wp-content\/uploads\/2025\/04\/2XETIN_Nezet_1.jpg\"\n\t\t\t\t\t\tclass=\"single-image-469 col-lg-2 col-md-3 col-sm-4 col-xs-6\"\n\t\t\t\t\t\tdata-sub-html=\"2XETIN_N\u00e9zet_1\">\n\t\t\t\t\t\t<img class=\"thumbnail  \"\n\t\t\t\t\t\t\tsrc=\"https:\/\/www.egyedibutor87.hu\/wp-content\/uploads\/2025\/04\/2XETIN_Nezet_1.jpg\" alt=\"2XETIN_N\u00e9zet_1\" \/>\n\t\t\t\t\t<\/a>\n\t\t\t\t\n\t\t\t\t\n\t\t\t\t\t\t\t\t\t\t\t\t\t<a href=\"https:\/\/www.egyedibutor87.hu\/wp-content\/uploads\/2025\/04\/2ONX00_Nezet_4.jpg\"\n\t\t\t\t\t\tclass=\"single-image-469 col-lg-2 col-md-3 col-sm-4 col-xs-6\"\n\t\t\t\t\t\tdata-sub-html=\"2ONX00_N\u00e9zet_4\">\n\t\t\t\t\t\t<img class=\"thumbnail  \"\n\t\t\t\t\t\t\tsrc=\"https:\/\/www.egyedibutor87.hu\/wp-content\/uploads\/2025\/04\/2ONX00_Nezet_4.jpg\" alt=\"2ONX00_N\u00e9zet_4\" \/>\n\t\t\t\t\t<\/a>\n\t\t\t\t\n\t\t\t\t\n\t\t\t\t\t\t\t\t\t\t\t\t\t<a href=\"https:\/\/www.egyedibutor87.hu\/wp-content\/uploads\/2025\/04\/767WH_Nezet_3.jpg\"\n\t\t\t\t\t\tclass=\"single-image-469 col-lg-2 col-md-3 col-sm-4 col-xs-6\"\n\t\t\t\t\t\tdata-sub-html=\"767WH_N\u00e9zet_3\">\n\t\t\t\t\t\t<img class=\"thumbnail  \"\n\t\t\t\t\t\t\tsrc=\"https:\/\/www.egyedibutor87.hu\/wp-content\/uploads\/2025\/04\/767WH_Nezet_3.jpg\" alt=\"767WH_N\u00e9zet_3\" \/>\n\t\t\t\t\t<\/a>\n\t\t\t\t\n\t\t\t\t\n\t\t\t\t\t\t\t\t\t\t\t\t\t<a href=\"https:\/\/www.egyedibutor87.hu\/wp-content\/uploads\/2025\/04\/11495Q_Nezet_3.jpg\"\n\t\t\t\t\t\tclass=\"single-image-469 col-lg-2 col-md-3 col-sm-4 col-xs-6\"\n\t\t\t\t\t\tdata-sub-html=\"11495Q_N\u00e9zet_3\">\n\t\t\t\t\t\t<img class=\"thumbnail  \"\n\t\t\t\t\t\t\tsrc=\"https:\/\/www.egyedibutor87.hu\/wp-content\/uploads\/2025\/04\/11495Q_Nezet_3.jpg\" alt=\"11495Q_N\u00e9zet_3\" \/>\n\t\t\t\t\t<\/a>\n\t\t\t\t\n\t\t\t\t\n\t\t\t\t\t\t\t\t\t\t\t\t\t<a href=\"https:\/\/www.egyedibutor87.hu\/wp-content\/uploads\/2025\/04\/11495Q_Nezet_4.jpg\"\n\t\t\t\t\t\tclass=\"single-image-469 col-lg-2 col-md-3 col-sm-4 col-xs-6\"\n\t\t\t\t\t\tdata-sub-html=\"11495Q_N\u00e9zet_4\">\n\t\t\t\t\t\t<img class=\"thumbnail  \"\n\t\t\t\t\t\t\tsrc=\"https:\/\/www.egyedibutor87.hu\/wp-content\/uploads\/2025\/04\/11495Q_Nezet_4.jpg\" alt=\"11495Q_N\u00e9zet_4\" \/>\n\t\t\t\t\t<\/a>\n\t\t\t\t\n\t\t\t\t\n\t\t\t\t\t\t\t\t\t\t\t\t\t<a href=\"https:\/\/www.egyedibutor87.hu\/wp-content\/uploads\/2025\/04\/GEPWMA_Alapertelmezett-0.jpg\"\n\t\t\t\t\t\tclass=\"single-image-469 col-lg-2 col-md-3 col-sm-4 col-xs-6\"\n\t\t\t\t\t\tdata-sub-html=\"GEPWMA_Alap\u00e9rtelmezett 0\">\n\t\t\t\t\t\t<img class=\"thumbnail  \"\n\t\t\t\t\t\t\tsrc=\"https:\/\/www.egyedibutor87.hu\/wp-content\/uploads\/2025\/04\/GEPWMA_Alapertelmezett-0.jpg\" alt=\"GEPWMA_Alap\u00e9rtelmezett 0\" \/>\n\t\t\t\t\t<\/a>\n\t\t\t\t\n\t\t\t\t\n\t\t\t\t\t\t\t\t\t\t\t\t\t<a href=\"https:\/\/www.egyedibutor87.hu\/wp-content\/uploads\/2025\/04\/GKN4BB_Nezet_2.jpg\"\n\t\t\t\t\t\tclass=\"single-image-469 col-lg-2 col-md-3 col-sm-4 col-xs-6\"\n\t\t\t\t\t\tdata-sub-html=\"GKN4BB_N\u00e9zet_2\">\n\t\t\t\t\t\t<img class=\"thumbnail  \"\n\t\t\t\t\t\t\tsrc=\"https:\/\/www.egyedibutor87.hu\/wp-content\/uploads\/2025\/04\/GKN4BB_Nezet_2.jpg\" alt=\"GKN4BB_N\u00e9zet_2\" \/>\n\t\t\t\t\t<\/a>\n\t\t\t\t\n\t\t\t\t\n\t\t\t\t\t\t\t\t\t\t\t\t\t<a href=\"https:\/\/www.egyedibutor87.hu\/wp-content\/uploads\/2025\/04\/GZG74S_Nezet_3.jpg\"\n\t\t\t\t\t\tclass=\"single-image-469 col-lg-2 col-md-3 col-sm-4 col-xs-6\"\n\t\t\t\t\t\tdata-sub-html=\"GZG74S_N\u00e9zet_3\">\n\t\t\t\t\t\t<img class=\"thumbnail  \"\n\t\t\t\t\t\t\tsrc=\"https:\/\/www.egyedibutor87.hu\/wp-content\/uploads\/2025\/04\/GZG74S_Nezet_3.jpg\" alt=\"GZG74S_N\u00e9zet_3\" \/>\n\t\t\t\t\t<\/a>\n\t\t\t\t\n\t\t\t\t\n\t\t\t\t\t\t\t\t\t\t\t\t\t<a href=\"https:\/\/www.egyedibutor87.hu\/wp-content\/uploads\/2025\/04\/GZG74S_Nezet_4.jpg\"\n\t\t\t\t\t\tclass=\"single-image-469 col-lg-2 col-md-3 col-sm-4 col-xs-6\"\n\t\t\t\t\t\tdata-sub-html=\"GZG74S_N\u00e9zet_4\">\n\t\t\t\t\t\t<img class=\"thumbnail  \"\n\t\t\t\t\t\t\tsrc=\"https:\/\/www.egyedibutor87.hu\/wp-content\/uploads\/2025\/04\/GZG74S_Nezet_4.jpg\" alt=\"GZG74S_N\u00e9zet_4\" \/>\n\t\t\t\t\t<\/a>\n\t\t\t\t\n\t\t\t\t\n\t\t\t\t\t\t\t\t\t\t\t\t\t<a href=\"https:\/\/www.egyedibutor87.hu\/wp-content\/uploads\/2025\/04\/Nezet_0.png\"\n\t\t\t\t\t\tclass=\"single-image-469 col-lg-2 col-md-3 col-sm-4 col-xs-6\"\n\t\t\t\t\t\tdata-sub-html=\"N\u00e9zet_0\">\n\t\t\t\t\t\t<img class=\"thumbnail  \"\n\t\t\t\t\t\t\tsrc=\"https:\/\/www.egyedibutor87.hu\/wp-content\/uploads\/2025\/04\/Nezet_0.png\" alt=\"N\u00e9zet_0\" \/>\n\t\t\t\t\t<\/a>\n\t\t\t\t\n\t\t\t\t\n\t\t\t\t\t\t\t\t\t\t\t\t\t<a href=\"https:\/\/www.egyedibutor87.hu\/wp-content\/uploads\/2025\/04\/NonameLatvanyterv.jpg\"\n\t\t\t\t\t\tclass=\"single-image-469 col-lg-2 col-md-3 col-sm-4 col-xs-6\"\n\t\t\t\t\t\tdata-sub-html=\"Noname(L\u00e1tv\u00e1nyterv)\">\n\t\t\t\t\t\t<img class=\"thumbnail  \"\n\t\t\t\t\t\t\tsrc=\"https:\/\/www.egyedibutor87.hu\/wp-content\/uploads\/2025\/04\/NonameLatvanyterv.jpg\" alt=\"Noname(L\u00e1tv\u00e1nyterv)\" \/>\n\t\t\t\t\t<\/a>\n\t\t\t\t\n\t\t\t\t\n\t\t\t\t\t\t\t\t\t\t\t\t\t<a href=\"https:\/\/www.egyedibutor87.hu\/wp-content\/uploads\/2025\/04\/NZ-1.jpg\"\n\t\t\t\t\t\tclass=\"single-image-469 col-lg-2 col-md-3 col-sm-4 col-xs-6\"\n\t\t\t\t\t\tdata-sub-html=\"N,Z (1)\">\n\t\t\t\t\t\t<img class=\"thumbnail  \"\n\t\t\t\t\t\t\tsrc=\"https:\/\/www.egyedibutor87.hu\/wp-content\/uploads\/2025\/04\/NZ-1.jpg\" alt=\"N,Z (1)\" \/>\n\t\t\t\t\t<\/a>\n\t\t\t\t\n\t\t\t\t\n\t\t\t\t\t\t\t\t\t\t\t\t\t<a href=\"https:\/\/www.egyedibutor87.hu\/wp-content\/uploads\/2025\/04\/NZ-2.jpg\"\n\t\t\t\t\t\tclass=\"single-image-469 col-lg-2 col-md-3 col-sm-4 col-xs-6\"\n\t\t\t\t\t\tdata-sub-html=\"N,Z (2)\">\n\t\t\t\t\t\t<img class=\"thumbnail  \"\n\t\t\t\t\t\t\tsrc=\"https:\/\/www.egyedibutor87.hu\/wp-content\/uploads\/2025\/04\/NZ-2.jpg\" alt=\"N,Z (2)\" \/>\n\t\t\t\t\t<\/a>\n\t\t\t\t\n\t\t\t\t\n\t\t\t\t\t\t\t\t\t\t\t\t\t<a href=\"https:\/\/www.egyedibutor87.hu\/wp-content\/uploads\/2025\/04\/NZ-3.jpg\"\n\t\t\t\t\t\tclass=\"single-image-469 col-lg-2 col-md-3 col-sm-4 col-xs-6\"\n\t\t\t\t\t\tdata-sub-html=\"N,Z (3)\">\n\t\t\t\t\t\t<img class=\"thumbnail  \"\n\t\t\t\t\t\t\tsrc=\"https:\/\/www.egyedibutor87.hu\/wp-content\/uploads\/2025\/04\/NZ-3.jpg\" alt=\"N,Z (3)\" \/>\n\t\t\t\t\t<\/a>\n\t\t\t\t\n\t\t\t\t\n\t\t\t\t\t\t\t\t\t\t\t\t\t<a href=\"https:\/\/www.egyedibutor87.hu\/wp-content\/uploads\/2025\/04\/PN.jpg\"\n\t\t\t\t\t\tclass=\"single-image-469 col-lg-2 col-md-3 col-sm-4 col-xs-6\"\n\t\t\t\t\t\tdata-sub-html=\"P,N\">\n\t\t\t\t\t\t<img class=\"thumbnail  \"\n\t\t\t\t\t\t\tsrc=\"https:\/\/www.egyedibutor87.hu\/wp-content\/uploads\/2025\/04\/PN.jpg\" alt=\"P,N\" \/>\n\t\t\t\t\t<\/a>\n\t\t\t\t\n\t\t\t\t\n\t\t\t\t\t<\/div>\n\t<script>\n\t\/\/thumbnail or fixed Size thumbnail\n\tjQuery(window).on('load', function () {\n\t\tjQuery('#animated-thumbnails-469').lightGallery({\n\t\t\tthumbnail: true,\n\t\t\tanimateThumb: true,\n\t\t\t\/\/show and hide thumb setting\n\t\t\tshowThumbByDefault: true,\n\t\t\tsubHtmlSelectorRelative: true,\n\t\t\t\t\t\t\t\t\t\t\t\tmode: 'lg-fade',\n\t\t\t\t\t});\n\n\t\t\t});\t\n<\/script>\n<style>\n\t.lg-backdrop.in {\n\t\topacity: 0.85;\n\t}\n\n\t.fixed-size.lg-outer .lg-inner {\n\t\tbackground-color: #FFF;\n\t}\n\n\t.fixed-size.lg-outer .lg-sub-html {\n\t\tposition: absolute;\n\t\ttext-align: left;\n\t}\n\n\t.fixed-size.lg-outer .lg-toolbar {\n\t\tbackground-color: transparent;\n\t\theight: 0;\n\t}\n\n\t.fixed-size.lg-outer .lg-toolbar .lg-icon {\n\t\tcolor: #FFF;\n\t}\n\n\t.fixed-size.lg-outer .lg-img-wrap {\n\t\tpadding: 12px;\n\t}\n<\/style>\n<script>\n\tjQuery(document).ready(function () {\n\t\t\/\/ isotope effect function\n\t\t\/\/ Method 1 - Initialize Isotope, then trigger layout after each image loads.\n\t\tvar $grid = jQuery('.all-images-469').isotope({\n\t\t\t\/\/ options...\n\t\t\titemSelector: '.single-image-469',\n\t\t});\n\t\t\/\/ layout Isotope after each image loads\n\t\t$grid.imagesLoaded().progress(function () {\n\t\t\t$grid.isotope('layout');\n\t\t});\n\t});\n<\/script>\n\n\n\n<p><\/p>\n","protected":false},"excerpt":{"rendered":"","protected":false},"author":1,"featured_media":0,"parent":0,"menu_order":0,"comment_status":"closed","ping_status":"closed","template":"","meta":{"footnotes":""},"class_list":["post-467","page","type-page","status-publish","hentry"],"yoast_head":"<!-- This site is optimized with the Yoast SEO plugin v27.0 - https:\/\/yoast.com\/product\/yoast-seo-wordpress\/ -->\n<title>3D L\u00e1tv\u00e1ny tervez\u00e9sek - Egyedibutor87<\/title>\n<meta name=\"robots\" content=\"index, follow, max-snippet:-1, max-image-preview:large, max-video-preview:-1\" \/>\n<link rel=\"canonical\" href=\"https:\/\/www.egyedibutor87.hu\/?page_id=467\" \/>\n<meta property=\"og:locale\" content=\"hu_HU\" \/>\n<meta property=\"og:type\" content=\"article\" \/>\n<meta property=\"og:title\" content=\"3D L\u00e1tv\u00e1ny tervez\u00e9sek - Egyedibutor87\" \/>\n<meta property=\"og:url\" content=\"https:\/\/www.egyedibutor87.hu\/?page_id=467\" \/>\n<meta property=\"og:site_name\" content=\"Egyedibutor87\" \/>\n<meta property=\"article:modified_time\" content=\"2025-03-28T11:16:49+00:00\" \/>\n<meta name=\"twitter:card\" content=\"summary_large_image\" \/>\n<script type=\"application\/ld+json\" class=\"yoast-schema-graph\">{\"@context\":\"https:\/\/schema.org\",\"@graph\":[{\"@type\":\"WebPage\",\"@id\":\"https:\/\/www.egyedibutor87.hu\/?page_id=467\",\"url\":\"https:\/\/www.egyedibutor87.hu\/?page_id=467\",\"name\":\"3D L\u00e1tv\u00e1ny tervez\u00e9sek - Egyedibutor87\",\"isPartOf\":{\"@id\":\"https:\/\/www.egyedibutor87.hu\/#website\"},\"datePublished\":\"2025-03-28T11:16:03+00:00\",\"dateModified\":\"2025-03-28T11:16:49+00:00\",\"breadcrumb\":{\"@id\":\"https:\/\/www.egyedibutor87.hu\/?page_id=467#breadcrumb\"},\"inLanguage\":\"hu\",\"potentialAction\":[{\"@type\":\"ReadAction\",\"target\":[\"https:\/\/www.egyedibutor87.hu\/?page_id=467\"]}]},{\"@type\":\"BreadcrumbList\",\"@id\":\"https:\/\/www.egyedibutor87.hu\/?page_id=467#breadcrumb\",\"itemListElement\":[{\"@type\":\"ListItem\",\"position\":1,\"name\":\"Kezd\u0151lap\",\"item\":\"https:\/\/www.egyedibutor87.hu\/\"},{\"@type\":\"ListItem\",\"position\":2,\"name\":\"3D L\u00e1tv\u00e1ny tervez\u00e9sek\"}]},{\"@type\":\"WebSite\",\"@id\":\"https:\/\/www.egyedibutor87.hu\/#website\",\"url\":\"https:\/\/www.egyedibutor87.hu\/\",\"name\":\"Egyedibutor87\",\"description\":\"\",\"potentialAction\":[{\"@type\":\"SearchAction\",\"target\":{\"@type\":\"EntryPoint\",\"urlTemplate\":\"https:\/\/www.egyedibutor87.hu\/?s={search_term_string}\"},\"query-input\":{\"@type\":\"PropertyValueSpecification\",\"valueRequired\":true,\"valueName\":\"search_term_string\"}}],\"inLanguage\":\"hu\"}]}<\/script>\n<!-- \/ Yoast SEO plugin. -->","yoast_head_json":{"title":"3D L\u00e1tv\u00e1ny tervez\u00e9sek - Egyedibutor87","robots":{"index":"index","follow":"follow","max-snippet":"max-snippet:-1","max-image-preview":"max-image-preview:large","max-video-preview":"max-video-preview:-1"},"canonical":"https:\/\/www.egyedibutor87.hu\/?page_id=467","og_locale":"hu_HU","og_type":"article","og_title":"3D L\u00e1tv\u00e1ny tervez\u00e9sek - Egyedibutor87","og_url":"https:\/\/www.egyedibutor87.hu\/?page_id=467","og_site_name":"Egyedibutor87","article_modified_time":"2025-03-28T11:16:49+00:00","twitter_card":"summary_large_image","schema":{"@context":"https:\/\/schema.org","@graph":[{"@type":"WebPage","@id":"https:\/\/www.egyedibutor87.hu\/?page_id=467","url":"https:\/\/www.egyedibutor87.hu\/?page_id=467","name":"3D L\u00e1tv\u00e1ny tervez\u00e9sek - Egyedibutor87","isPartOf":{"@id":"https:\/\/www.egyedibutor87.hu\/#website"},"datePublished":"2025-03-28T11:16:03+00:00","dateModified":"2025-03-28T11:16:49+00:00","breadcrumb":{"@id":"https:\/\/www.egyedibutor87.hu\/?page_id=467#breadcrumb"},"inLanguage":"hu","potentialAction":[{"@type":"ReadAction","target":["https:\/\/www.egyedibutor87.hu\/?page_id=467"]}]},{"@type":"BreadcrumbList","@id":"https:\/\/www.egyedibutor87.hu\/?page_id=467#breadcrumb","itemListElement":[{"@type":"ListItem","position":1,"name":"Kezd\u0151lap","item":"https:\/\/www.egyedibutor87.hu\/"},{"@type":"ListItem","position":2,"name":"3D L\u00e1tv\u00e1ny tervez\u00e9sek"}]},{"@type":"WebSite","@id":"https:\/\/www.egyedibutor87.hu\/#website","url":"https:\/\/www.egyedibutor87.hu\/","name":"Egyedibutor87","description":"","potentialAction":[{"@type":"SearchAction","target":{"@type":"EntryPoint","urlTemplate":"https:\/\/www.egyedibutor87.hu\/?s={search_term_string}"},"query-input":{"@type":"PropertyValueSpecification","valueRequired":true,"valueName":"search_term_string"}}],"inLanguage":"hu"}]}},"_links":{"self":[{"href":"https:\/\/www.egyedibutor87.hu\/index.php?rest_route=\/wp\/v2\/pages\/467","targetHints":{"allow":["GET"]}}],"collection":[{"href":"https:\/\/www.egyedibutor87.hu\/index.php?rest_route=\/wp\/v2\/pages"}],"about":[{"href":"https:\/\/www.egyedibutor87.hu\/index.php?rest_route=\/wp\/v2\/types\/page"}],"author":[{"embeddable":true,"href":"https:\/\/www.egyedibutor87.hu\/index.php?rest_route=\/wp\/v2\/users\/1"}],"replies":[{"embeddable":true,"href":"https:\/\/www.egyedibutor87.hu\/index.php?rest_route=%2Fwp%2Fv2%2Fcomments&post=467"}],"version-history":[{"count":2,"href":"https:\/\/www.egyedibutor87.hu\/index.php?rest_route=\/wp\/v2\/pages\/467\/revisions"}],"predecessor-version":[{"id":470,"href":"https:\/\/www.egyedibutor87.hu\/index.php?rest_route=\/wp\/v2\/pages\/467\/revisions\/470"}],"wp:attachment":[{"href":"https:\/\/www.egyedibutor87.hu\/index.php?rest_route=%2Fwp%2Fv2%2Fmedia&parent=467"}],"curies":[{"name":"wp","href":"https:\/\/api.w.org\/{rel}","templated":true}]}}