{"id":12,"date":"2025-02-12T09:26:59","date_gmt":"2025-02-12T09:26:59","guid":{"rendered":"https:\/\/www.egyedibutor87.hu\/?page_id=12"},"modified":"2025-02-12T09:31:16","modified_gmt":"2025-02-12T09:31:16","slug":"elerhetoseg","status":"publish","type":"page","link":"https:\/\/www.egyedibutor87.hu\/?page_id=12","title":{"rendered":"EL\u00c9RHET\u0150S\u00c9G"},"content":{"rendered":"\n<p>2700 CEGL\u00c9D<\/p>\n\n\n\n<p>TEL:0630\/858-43-99<\/p>\n\n\n\n<p>EMAIL:  egyedibutor87@gmail.com<\/p>\n\n\n\n<p>facebook: <a href=\"https:\/\/www.facebook.com\/egyedibutor87\">https:\/\/www.facebook.com\/egyedibutor87<\/a><\/p>\n","protected":false},"excerpt":{"rendered":"<p>2700 CEGL\u00c9D TEL:0630\/858-43-99 EMAIL: egyedibutor87@gmail.com facebook: https:\/\/www.facebook.com\/egyedibutor87<\/p>\n","protected":false},"author":1,"featured_media":0,"parent":0,"menu_order":0,"comment_status":"closed","ping_status":"closed","template":"","meta":{"footnotes":""},"class_list":["post-12","page","type-page","status-publish","hentry"],"yoast_head":"<!-- This site is optimized with the Yoast SEO plugin v27.0 - https:\/\/yoast.com\/product\/yoast-seo-wordpress\/ -->\n<title>EL\u00c9RHET\u0150S\u00c9G - Egyedibutor87<\/title>\n<meta name=\"robots\" content=\"index, follow, max-snippet:-1, max-image-preview:large, max-video-preview:-1\" \/>\n<link rel=\"canonical\" href=\"https:\/\/www.egyedibutor87.hu\/?page_id=12\" \/>\n<meta property=\"og:locale\" content=\"hu_HU\" \/>\n<meta property=\"og:type\" content=\"article\" \/>\n<meta property=\"og:title\" content=\"EL\u00c9RHET\u0150S\u00c9G - Egyedibutor87\" \/>\n<meta property=\"og:description\" content=\"2700 CEGL\u00c9D TEL:0630\/858-43-99 EMAIL: egyedibutor87@gmail.com facebook: https:\/\/www.facebook.com\/egyedibutor87\" \/>\n<meta property=\"og:url\" content=\"https:\/\/www.egyedibutor87.hu\/?page_id=12\" \/>\n<meta property=\"og:site_name\" content=\"Egyedibutor87\" \/>\n<meta property=\"article:modified_time\" content=\"2025-02-12T09:31:16+00:00\" \/>\n<meta name=\"twitter:card\" content=\"summary_large_image\" \/>\n<script type=\"application\/ld+json\" class=\"yoast-schema-graph\">{\"@context\":\"https:\/\/schema.org\",\"@graph\":[{\"@type\":\"WebPage\",\"@id\":\"https:\/\/www.egyedibutor87.hu\/?page_id=12\",\"url\":\"https:\/\/www.egyedibutor87.hu\/?page_id=12\",\"name\":\"EL\u00c9RHET\u0150S\u00c9G - Egyedibutor87\",\"isPartOf\":{\"@id\":\"https:\/\/www.egyedibutor87.hu\/#website\"},\"datePublished\":\"2025-02-12T09:26:59+00:00\",\"dateModified\":\"2025-02-12T09:31:16+00:00\",\"breadcrumb\":{\"@id\":\"https:\/\/www.egyedibutor87.hu\/?page_id=12#breadcrumb\"},\"inLanguage\":\"hu\",\"potentialAction\":[{\"@type\":\"ReadAction\",\"target\":[\"https:\/\/www.egyedibutor87.hu\/?page_id=12\"]}]},{\"@type\":\"BreadcrumbList\",\"@id\":\"https:\/\/www.egyedibutor87.hu\/?page_id=12#breadcrumb\",\"itemListElement\":[{\"@type\":\"ListItem\",\"position\":1,\"name\":\"Kezd\u0151lap\",\"item\":\"https:\/\/www.egyedibutor87.hu\/\"},{\"@type\":\"ListItem\",\"position\":2,\"name\":\"EL\u00c9RHET\u0150S\u00c9G\"}]},{\"@type\":\"WebSite\",\"@id\":\"https:\/\/www.egyedibutor87.hu\/#website\",\"url\":\"https:\/\/www.egyedibutor87.hu\/\",\"name\":\"Egyedibutor87\",\"description\":\"\",\"potentialAction\":[{\"@type\":\"SearchAction\",\"target\":{\"@type\":\"EntryPoint\",\"urlTemplate\":\"https:\/\/www.egyedibutor87.hu\/?s={search_term_string}\"},\"query-input\":{\"@type\":\"PropertyValueSpecification\",\"valueRequired\":true,\"valueName\":\"search_term_string\"}}],\"inLanguage\":\"hu\"}]}<\/script>\n<!-- \/ Yoast SEO plugin. -->","yoast_head_json":{"title":"EL\u00c9RHET\u0150S\u00c9G - Egyedibutor87","robots":{"index":"index","follow":"follow","max-snippet":"max-snippet:-1","max-image-preview":"max-image-preview:large","max-video-preview":"max-video-preview:-1"},"canonical":"https:\/\/www.egyedibutor87.hu\/?page_id=12","og_locale":"hu_HU","og_type":"article","og_title":"EL\u00c9RHET\u0150S\u00c9G - Egyedibutor87","og_description":"2700 CEGL\u00c9D TEL:0630\/858-43-99 EMAIL: egyedibutor87@gmail.com facebook: https:\/\/www.facebook.com\/egyedibutor87","og_url":"https:\/\/www.egyedibutor87.hu\/?page_id=12","og_site_name":"Egyedibutor87","article_modified_time":"2025-02-12T09:31:16+00:00","twitter_card":"summary_large_image","schema":{"@context":"https:\/\/schema.org","@graph":[{"@type":"WebPage","@id":"https:\/\/www.egyedibutor87.hu\/?page_id=12","url":"https:\/\/www.egyedibutor87.hu\/?page_id=12","name":"EL\u00c9RHET\u0150S\u00c9G - Egyedibutor87","isPartOf":{"@id":"https:\/\/www.egyedibutor87.hu\/#website"},"datePublished":"2025-02-12T09:26:59+00:00","dateModified":"2025-02-12T09:31:16+00:00","breadcrumb":{"@id":"https:\/\/www.egyedibutor87.hu\/?page_id=12#breadcrumb"},"inLanguage":"hu","potentialAction":[{"@type":"ReadAction","target":["https:\/\/www.egyedibutor87.hu\/?page_id=12"]}]},{"@type":"BreadcrumbList","@id":"https:\/\/www.egyedibutor87.hu\/?page_id=12#breadcrumb","itemListElement":[{"@type":"ListItem","position":1,"name":"Kezd\u0151lap","item":"https:\/\/www.egyedibutor87.hu\/"},{"@type":"ListItem","position":2,"name":"EL\u00c9RHET\u0150S\u00c9G"}]},{"@type":"WebSite","@id":"https:\/\/www.egyedibutor87.hu\/#website","url":"https:\/\/www.egyedibutor87.hu\/","name":"Egyedibutor87","description":"","potentialAction":[{"@type":"SearchAction","target":{"@type":"EntryPoint","urlTemplate":"https:\/\/www.egyedibutor87.hu\/?s={search_term_string}"},"query-input":{"@type":"PropertyValueSpecification","valueRequired":true,"valueName":"search_term_string"}}],"inLanguage":"hu"}]}},"_links":{"self":[{"href":"https:\/\/www.egyedibutor87.hu\/index.php?rest_route=\/wp\/v2\/pages\/12","targetHints":{"allow":["GET"]}}],"collection":[{"href":"https:\/\/www.egyedibutor87.hu\/index.php?rest_route=\/wp\/v2\/pages"}],"about":[{"href":"https:\/\/www.egyedibutor87.hu\/index.php?rest_route=\/wp\/v2\/types\/page"}],"author":[{"embeddable":true,"href":"https:\/\/www.egyedibutor87.hu\/index.php?rest_route=\/wp\/v2\/users\/1"}],"replies":[{"embeddable":true,"href":"https:\/\/www.egyedibutor87.hu\/index.php?rest_route=%2Fwp%2Fv2%2Fcomments&post=12"}],"version-history":[{"count":2,"href":"https:\/\/www.egyedibutor87.hu\/index.php?rest_route=\/wp\/v2\/pages\/12\/revisions"}],"predecessor-version":[{"id":22,"href":"https:\/\/www.egyedibutor87.hu\/index.php?rest_route=\/wp\/v2\/pages\/12\/revisions\/22"}],"wp:attachment":[{"href":"https:\/\/www.egyedibutor87.hu\/index.php?rest_route=%2Fwp%2Fv2%2Fmedia&parent=12"}],"curies":[{"name":"wp","href":"https:\/\/api.w.org\/{rel}","templated":true}]}}